{"id":219,"date":"2021-06-08T16:50:22","date_gmt":"2021-06-08T16:50:22","guid":{"rendered":"https:\/\/pintureriasvya.com.ar\/?post_type=product&#038;p=219"},"modified":"2024-05-06T04:04:00","modified_gmt":"2024-05-06T04:04:00","slug":"latex-piacere-interior-antihongos","status":"publish","type":"product","link":"https:\/\/pintureriasvya.com.ar\/index.php\/producto\/latex-piacere-interior-antihongos\/","title":{"rendered":"L\u00e1tex Piacere Interior Antihongos"},"content":{"rendered":"<p>L\u00e1tex Piacere Interior Antihongos<\/p>\n<h2 class=\"ui-pdp-description__title\">Descripci\u00f3n<\/h2>\n<p class=\"ui-pdp-description__content\">Caracter\u00edsticas: Incorporando una nueva tecnolog\u00eda en su formulaci\u00f3n obteniendo una pintura de m\u00e1xima duraci\u00f3n, excelente nivelaci\u00f3n y poder cubritivo.<\/p>\n<p>Usos: Principalmente en paredes.<\/p>\n<p>Pintabilidad: El alto poder cubritivo y la excelente nivelaci\u00f3n entre mano y mano dan la mayor caracter\u00edstica a la LINEA EUROPEA.<\/p>\n<p>Diluci\u00f3n: Se realiza de ser necesario con NO M\u00c1S DEL 5% DE AGUA.<\/p>\n<p>Rendimiento: 12mts2 por litro por mano.<\/p>\n<p>Modo de empleo: Sobre superficies nuevas o sin pintar, neutralizar con \u00e1cido muri\u00e1tico al 10% en agua, enjuagar y dejar secar, aplica sellador fijador &#8220;Roma&#8221;y dos manos de LATEX PIACERE. Dejar secar de 3hs a 5hs entre manos.<\/p>\n<p>Sobre superficies pintadas: La superficie debe estar limpia, seca, libre de grasitud, polvo, partes flojas. Aplicar sellador y eliminar las imperfecciones de enduido, aplicar dos manos de LATEX PIACERE.<br \/>\n-Presentaci\u00f3n: 1,4, 10 y 20 litros.<br \/>\n***************************************************************************************<\/p>\n","protected":false},"excerpt":{"rendered":"<p>L\u00e1tex Piacere Interior Antihongos<\/p>\n<p>Descripci\u00f3n<\/p>\n<p>Caracter\u00edsticas: Incorporando una nueva tecnolog\u00eda en su formulaci\u00f3n obteniendo una pintura de m\u00e1xima duraci\u00f3n, excelente nivelaci\u00f3n y poder cubritivo.<\/p>\n<p>Usos: Principalmente en paredes.<\/p>\n<p>Pintabilidad: El alto poder cubritivo y la excelente nivelaci\u00f3n entre mano y mano dan la mayor caracter\u00edstica a la LINEA EUROPEA.<\/p>\n<p>Diluci\u00f3n: Se realiza de ser necesario con NO M\u00c1S DEL 5% DE AGUA.<\/p>\n<p>Rendimiento: 12mts2 por litro por mano.<\/p>\n<p>Modo de empleo: Sobre superficies nuevas o sin pintar, neutralizar con \u00e1cido muri\u00e1tico al 10% en agua, enjuagar y dejar secar, aplica sellador fijador &#8220;Roma&#8221;y dos manos de LATEX PIACERE. Dejar secar de 3hs a 5hs entre manos.<\/p>\n<p>Sobre superficies pintadas: La superficie debe estar limpia, seca, libre de grasitud, polvo, partes flojas. Aplicar sellador y eliminar las imperfecciones de enduido, aplicar dos manos de LATEX PIACERE.<br \/>\n-Presentaci\u00f3n: 1,4, 10 y 20 litros.<br \/>\n***************************************************************************************<\/p>\n","protected":false},"featured_media":296,"comment_status":"open","ping_status":"closed","template":"","meta":{"site-sidebar-layout":"default","site-content-layout":"default","ast-site-content-layout":"default","site-content-style":"default","site-sidebar-style":"default","ast-global-header-display":"","ast-banner-title-visibility":"","ast-main-header-display":"","ast-hfb-above-header-display":"","ast-hfb-below-header-display":"","ast-hfb-mobile-header-display":"","site-post-title":"","ast-breadcrumbs-content":"","ast-featured-img":"","footer-sml-layout":"","ast-disable-related-posts":"","theme-transparent-header-meta":"default","adv-header-id-meta":"","stick-header-meta":"","header-above-stick-meta":"","header-main-stick-meta":"","header-below-stick-meta":"","astra-migrate-meta-layouts":"default","ast-page-background-enabled":"default","ast-page-background-meta":{"desktop":{"background-color":"var(--ast-global-color-4)","background-image":"","background-repeat":"repeat","background-position":"center center","background-size":"auto","background-attachment":"scroll","background-type":"","background-media":"","overlay-type":"","overlay-color":"","overlay-opacity":"","overlay-gradient":""},"tablet":{"background-color":"","background-image":"","background-repeat":"repeat","background-position":"center center","background-size":"auto","background-attachment":"scroll","background-type":"","background-media":"","overlay-type":"","overlay-color":"","overlay-opacity":"","overlay-gradient":""},"mobile":{"background-color":"","background-image":"","background-repeat":"repeat","background-position":"center center","background-size":"auto","background-attachment":"scroll","background-type":"","background-media":"","overlay-type":"","overlay-color":"","overlay-opacity":"","overlay-gradient":""}},"ast-content-background-meta":{"desktop":{"background-color":"var(--ast-global-color-5)","background-image":"","background-repeat":"repeat","background-position":"center center","background-size":"auto","background-attachment":"scroll","background-type":"","background-media":"","overlay-type":"","overlay-color":"","overlay-opacity":"","overlay-gradient":""},"tablet":{"background-color":"var(--ast-global-color-5)","background-image":"","background-repeat":"repeat","background-position":"center center","background-size":"auto","background-attachment":"scroll","background-type":"","background-media":"","overlay-type":"","overlay-color":"","overlay-opacity":"","overlay-gradient":""},"mobile":{"background-color":"var(--ast-global-color-5)","background-image":"","background-repeat":"repeat","background-position":"center center","background-size":"auto","background-attachment":"scroll","background-type":"","background-media":"","overlay-type":"","overlay-color":"","overlay-opacity":"","overlay-gradient":""}},"_joinchat":[]},"product_brand":[],"product_cat":[21,29,17],"product_tag":[35,42,55],"class_list":{"0":"post-219","1":"product","2":"type-product","3":"status-publish","4":"has-post-thumbnail","6":"product_cat-latex-colores-interior","7":"product_cat-ofertas-de-pinturas","8":"product_cat-pinturas","9":"product_tag-latex-colores-interior","10":"product_tag-ofertas-de-pinturas","11":"product_tag-ofertas-de-pinturas-por-4-litros","12":"desktop-align-left","13":"tablet-align-left","14":"mobile-align-left","16":"first","17":"instock","18":"taxable","19":"shipping-taxable","20":"purchasable","21":"product-type-simple"},"yoast_head":"<!-- This site is optimized with the Yoast SEO plugin v27.4 - https:\/\/yoast.com\/product\/yoast-seo-wordpress\/ -->\n<title>L\u00e1tex Piacere Interior Antihongos | Pinturerias V y A<\/title>\n<meta name=\"robots\" content=\"index, follow, max-snippet:-1, max-image-preview:large, max-video-preview:-1\" \/>\n<link rel=\"canonical\" href=\"https:\/\/pintureriasvya.com.ar\/index.php\/producto\/latex-piacere-interior-antihongos\/\" \/>\n<meta property=\"og:locale\" content=\"es_ES\" \/>\n<meta property=\"og:type\" content=\"article\" \/>\n<meta property=\"og:title\" content=\"L\u00e1tex Piacere Interior Antihongos | Pinturerias V y A\" \/>\n<meta property=\"og:description\" content=\"L\u00e1tex Piacere Interior Antihongos  Descripci\u00f3n  Caracter\u00edsticas: Incorporando una nueva tecnolog\u00eda en su formulaci\u00f3n obteniendo una pintura de m\u00e1xima duraci\u00f3n, excelente nivelaci\u00f3n y poder cubritivo.  Usos: Principalmente en paredes.  Pintabilidad: El alto poder cubritivo y la excelente nivelaci\u00f3n entre mano y mano dan la mayor caracter\u00edstica a la LINEA EUROPEA.  Diluci\u00f3n: Se realiza de ser necesario con NO M\u00c1S DEL 5% DE AGUA.  Rendimiento: 12mts2 por litro por mano.  Modo de empleo: Sobre superficies nuevas o sin pintar, neutralizar con \u00e1cido muri\u00e1tico al 10% en agua, enjuagar y dejar secar, aplica sellador fijador &quot;Roma&quot;y dos manos de LATEX PIACERE. Dejar secar de 3hs a 5hs entre manos.  Sobre superficies pintadas: La superficie debe estar limpia, seca, libre de grasitud, polvo, partes flojas. Aplicar sellador y eliminar las imperfecciones de enduido, aplicar dos manos de LATEX PIACERE. -Presentaci\u00f3n: 1,4, 10 y 20 litros. ***************************************************************************************\" \/>\n<meta property=\"og:url\" content=\"https:\/\/pintureriasvya.com.ar\/index.php\/producto\/latex-piacere-interior-antihongos\/\" \/>\n<meta property=\"og:site_name\" content=\"Pinturerias V y A\" \/>\n<meta property=\"article:publisher\" content=\"https:\/\/www.facebook.com\/Pinturerias-VyA-119815563196954\" \/>\n<meta property=\"article:modified_time\" content=\"2024-05-06T04:04:00+00:00\" \/>\n<meta property=\"og:image\" content=\"http:\/\/pintureriasvya.com.ar\/wp-content\/uploads\/2021\/06\/PIACERE-removebg-preview.png\" \/>\n\t<meta property=\"og:image:width\" content=\"310\" \/>\n\t<meta property=\"og:image:height\" content=\"469\" \/>\n\t<meta property=\"og:image:type\" content=\"image\/png\" \/>\n<meta name=\"twitter:card\" content=\"summary_large_image\" \/>\n<meta name=\"twitter:label1\" content=\"Tiempo de lectura\" \/>\n\t<meta name=\"twitter:data1\" content=\"1 minuto\" \/>\n<script type=\"application\/ld+json\" class=\"yoast-schema-graph\">{\"@context\":\"https:\\\/\\\/schema.org\",\"@graph\":[{\"@type\":\"WebPage\",\"@id\":\"https:\\\/\\\/pintureriasvya.com.ar\\\/index.php\\\/producto\\\/latex-piacere-interior-antihongos\\\/\",\"url\":\"https:\\\/\\\/pintureriasvya.com.ar\\\/index.php\\\/producto\\\/latex-piacere-interior-antihongos\\\/\",\"name\":\"L\u00e1tex Piacere Interior Antihongos | Pinturerias V y A\",\"isPartOf\":{\"@id\":\"https:\\\/\\\/pintureriasvya.com.ar\\\/#website\"},\"primaryImageOfPage\":{\"@id\":\"https:\\\/\\\/pintureriasvya.com.ar\\\/index.php\\\/producto\\\/latex-piacere-interior-antihongos\\\/#primaryimage\"},\"image\":{\"@id\":\"https:\\\/\\\/pintureriasvya.com.ar\\\/index.php\\\/producto\\\/latex-piacere-interior-antihongos\\\/#primaryimage\"},\"thumbnailUrl\":\"https:\\\/\\\/pintureriasvya.com.ar\\\/wp-content\\\/uploads\\\/2021\\\/06\\\/PIACERE-removebg-preview.png\",\"datePublished\":\"2021-06-08T16:50:22+00:00\",\"dateModified\":\"2024-05-06T04:04:00+00:00\",\"breadcrumb\":{\"@id\":\"https:\\\/\\\/pintureriasvya.com.ar\\\/index.php\\\/producto\\\/latex-piacere-interior-antihongos\\\/#breadcrumb\"},\"inLanguage\":\"es\",\"potentialAction\":[{\"@type\":\"ReadAction\",\"target\":[\"https:\\\/\\\/pintureriasvya.com.ar\\\/index.php\\\/producto\\\/latex-piacere-interior-antihongos\\\/\"]}]},{\"@type\":\"ImageObject\",\"inLanguage\":\"es\",\"@id\":\"https:\\\/\\\/pintureriasvya.com.ar\\\/index.php\\\/producto\\\/latex-piacere-interior-antihongos\\\/#primaryimage\",\"url\":\"https:\\\/\\\/pintureriasvya.com.ar\\\/wp-content\\\/uploads\\\/2021\\\/06\\\/PIACERE-removebg-preview.png\",\"contentUrl\":\"https:\\\/\\\/pintureriasvya.com.ar\\\/wp-content\\\/uploads\\\/2021\\\/06\\\/PIACERE-removebg-preview.png\",\"width\":310,\"height\":469,\"caption\":\"LATEX PIACERE INTERIOR ANTOHONGOS\"},{\"@type\":\"BreadcrumbList\",\"@id\":\"https:\\\/\\\/pintureriasvya.com.ar\\\/index.php\\\/producto\\\/latex-piacere-interior-antihongos\\\/#breadcrumb\",\"itemListElement\":[{\"@type\":\"ListItem\",\"position\":1,\"name\":\"Portada\",\"item\":\"https:\\\/\\\/pintureriasvya.com.ar\\\/\"},{\"@type\":\"ListItem\",\"position\":2,\"name\":\"Tienda\",\"item\":\"https:\\\/\\\/pintureriasvya.com.ar\\\/index.php\\\/tienda\\\/\"},{\"@type\":\"ListItem\",\"position\":3,\"name\":\"L\u00e1tex Piacere Interior Antihongos\"}]},{\"@type\":\"WebSite\",\"@id\":\"https:\\\/\\\/pintureriasvya.com.ar\\\/#website\",\"url\":\"https:\\\/\\\/pintureriasvya.com.ar\\\/\",\"name\":\"Pinturerias V y A\",\"description\":\"Pinturerias VyA, Trabajamos directo de f\u00e1brica\",\"publisher\":{\"@id\":\"https:\\\/\\\/pintureriasvya.com.ar\\\/#organization\"},\"potentialAction\":[{\"@type\":\"SearchAction\",\"target\":{\"@type\":\"EntryPoint\",\"urlTemplate\":\"https:\\\/\\\/pintureriasvya.com.ar\\\/?s={search_term_string}\"},\"query-input\":{\"@type\":\"PropertyValueSpecification\",\"valueRequired\":true,\"valueName\":\"search_term_string\"}}],\"inLanguage\":\"es\"},{\"@type\":\"Organization\",\"@id\":\"https:\\\/\\\/pintureriasvya.com.ar\\\/#organization\",\"name\":\"Pinturerias VyA\",\"url\":\"https:\\\/\\\/pintureriasvya.com.ar\\\/\",\"logo\":{\"@type\":\"ImageObject\",\"inLanguage\":\"es\",\"@id\":\"https:\\\/\\\/pintureriasvya.com.ar\\\/#\\\/schema\\\/logo\\\/image\\\/\",\"url\":\"https:\\\/\\\/pintureriasvya.com.ar\\\/wp-content\\\/uploads\\\/2021\\\/06\\\/LOGO.png\",\"contentUrl\":\"https:\\\/\\\/pintureriasvya.com.ar\\\/wp-content\\\/uploads\\\/2021\\\/06\\\/LOGO.png\",\"width\":474,\"height\":474,\"caption\":\"Pinturerias VyA\"},\"image\":{\"@id\":\"https:\\\/\\\/pintureriasvya.com.ar\\\/#\\\/schema\\\/logo\\\/image\\\/\"},\"sameAs\":[\"https:\\\/\\\/www.facebook.com\\\/Pinturerias-VyA-119815563196954\",\"https:\\\/\\\/www.instagram.com\\\/pintureriasvya\\\/?hl=es-la\"]}]}<\/script>\n<!-- \/ Yoast SEO plugin. -->","yoast_head_json":{"title":"L\u00e1tex Piacere Interior Antihongos | Pinturerias V y A","robots":{"index":"index","follow":"follow","max-snippet":"max-snippet:-1","max-image-preview":"max-image-preview:large","max-video-preview":"max-video-preview:-1"},"canonical":"https:\/\/pintureriasvya.com.ar\/index.php\/producto\/latex-piacere-interior-antihongos\/","og_locale":"es_ES","og_type":"article","og_title":"L\u00e1tex Piacere Interior Antihongos | Pinturerias V y A","og_description":"L\u00e1tex Piacere Interior Antihongos  Descripci\u00f3n  Caracter\u00edsticas: Incorporando una nueva tecnolog\u00eda en su formulaci\u00f3n obteniendo una pintura de m\u00e1xima duraci\u00f3n, excelente nivelaci\u00f3n y poder cubritivo.  Usos: Principalmente en paredes.  Pintabilidad: El alto poder cubritivo y la excelente nivelaci\u00f3n entre mano y mano dan la mayor caracter\u00edstica a la LINEA EUROPEA.  Diluci\u00f3n: Se realiza de ser necesario con NO M\u00c1S DEL 5% DE AGUA.  Rendimiento: 12mts2 por litro por mano.  Modo de empleo: Sobre superficies nuevas o sin pintar, neutralizar con \u00e1cido muri\u00e1tico al 10% en agua, enjuagar y dejar secar, aplica sellador fijador \"Roma\"y dos manos de LATEX PIACERE. Dejar secar de 3hs a 5hs entre manos.  Sobre superficies pintadas: La superficie debe estar limpia, seca, libre de grasitud, polvo, partes flojas. Aplicar sellador y eliminar las imperfecciones de enduido, aplicar dos manos de LATEX PIACERE. -Presentaci\u00f3n: 1,4, 10 y 20 litros. ***************************************************************************************","og_url":"https:\/\/pintureriasvya.com.ar\/index.php\/producto\/latex-piacere-interior-antihongos\/","og_site_name":"Pinturerias V y A","article_publisher":"https:\/\/www.facebook.com\/Pinturerias-VyA-119815563196954","article_modified_time":"2024-05-06T04:04:00+00:00","og_image":[{"width":310,"height":469,"url":"http:\/\/pintureriasvya.com.ar\/wp-content\/uploads\/2021\/06\/PIACERE-removebg-preview.png","type":"image\/png"}],"twitter_card":"summary_large_image","twitter_misc":{"Tiempo de lectura":"1 minuto"},"schema":{"@context":"https:\/\/schema.org","@graph":[{"@type":"WebPage","@id":"https:\/\/pintureriasvya.com.ar\/index.php\/producto\/latex-piacere-interior-antihongos\/","url":"https:\/\/pintureriasvya.com.ar\/index.php\/producto\/latex-piacere-interior-antihongos\/","name":"L\u00e1tex Piacere Interior Antihongos | Pinturerias V y A","isPartOf":{"@id":"https:\/\/pintureriasvya.com.ar\/#website"},"primaryImageOfPage":{"@id":"https:\/\/pintureriasvya.com.ar\/index.php\/producto\/latex-piacere-interior-antihongos\/#primaryimage"},"image":{"@id":"https:\/\/pintureriasvya.com.ar\/index.php\/producto\/latex-piacere-interior-antihongos\/#primaryimage"},"thumbnailUrl":"https:\/\/pintureriasvya.com.ar\/wp-content\/uploads\/2021\/06\/PIACERE-removebg-preview.png","datePublished":"2021-06-08T16:50:22+00:00","dateModified":"2024-05-06T04:04:00+00:00","breadcrumb":{"@id":"https:\/\/pintureriasvya.com.ar\/index.php\/producto\/latex-piacere-interior-antihongos\/#breadcrumb"},"inLanguage":"es","potentialAction":[{"@type":"ReadAction","target":["https:\/\/pintureriasvya.com.ar\/index.php\/producto\/latex-piacere-interior-antihongos\/"]}]},{"@type":"ImageObject","inLanguage":"es","@id":"https:\/\/pintureriasvya.com.ar\/index.php\/producto\/latex-piacere-interior-antihongos\/#primaryimage","url":"https:\/\/pintureriasvya.com.ar\/wp-content\/uploads\/2021\/06\/PIACERE-removebg-preview.png","contentUrl":"https:\/\/pintureriasvya.com.ar\/wp-content\/uploads\/2021\/06\/PIACERE-removebg-preview.png","width":310,"height":469,"caption":"LATEX PIACERE INTERIOR ANTOHONGOS"},{"@type":"BreadcrumbList","@id":"https:\/\/pintureriasvya.com.ar\/index.php\/producto\/latex-piacere-interior-antihongos\/#breadcrumb","itemListElement":[{"@type":"ListItem","position":1,"name":"Portada","item":"https:\/\/pintureriasvya.com.ar\/"},{"@type":"ListItem","position":2,"name":"Tienda","item":"https:\/\/pintureriasvya.com.ar\/index.php\/tienda\/"},{"@type":"ListItem","position":3,"name":"L\u00e1tex Piacere Interior Antihongos"}]},{"@type":"WebSite","@id":"https:\/\/pintureriasvya.com.ar\/#website","url":"https:\/\/pintureriasvya.com.ar\/","name":"Pinturerias V y A","description":"Pinturerias VyA, Trabajamos directo de f\u00e1brica","publisher":{"@id":"https:\/\/pintureriasvya.com.ar\/#organization"},"potentialAction":[{"@type":"SearchAction","target":{"@type":"EntryPoint","urlTemplate":"https:\/\/pintureriasvya.com.ar\/?s={search_term_string}"},"query-input":{"@type":"PropertyValueSpecification","valueRequired":true,"valueName":"search_term_string"}}],"inLanguage":"es"},{"@type":"Organization","@id":"https:\/\/pintureriasvya.com.ar\/#organization","name":"Pinturerias VyA","url":"https:\/\/pintureriasvya.com.ar\/","logo":{"@type":"ImageObject","inLanguage":"es","@id":"https:\/\/pintureriasvya.com.ar\/#\/schema\/logo\/image\/","url":"https:\/\/pintureriasvya.com.ar\/wp-content\/uploads\/2021\/06\/LOGO.png","contentUrl":"https:\/\/pintureriasvya.com.ar\/wp-content\/uploads\/2021\/06\/LOGO.png","width":474,"height":474,"caption":"Pinturerias VyA"},"image":{"@id":"https:\/\/pintureriasvya.com.ar\/#\/schema\/logo\/image\/"},"sameAs":["https:\/\/www.facebook.com\/Pinturerias-VyA-119815563196954","https:\/\/www.instagram.com\/pintureriasvya\/?hl=es-la"]}]}},"_links":{"self":[{"href":"https:\/\/pintureriasvya.com.ar\/index.php\/wp-json\/wp\/v2\/product\/219","targetHints":{"allow":["GET"]}}],"collection":[{"href":"https:\/\/pintureriasvya.com.ar\/index.php\/wp-json\/wp\/v2\/product"}],"about":[{"href":"https:\/\/pintureriasvya.com.ar\/index.php\/wp-json\/wp\/v2\/types\/product"}],"replies":[{"embeddable":true,"href":"https:\/\/pintureriasvya.com.ar\/index.php\/wp-json\/wp\/v2\/comments?post=219"}],"wp:featuredmedia":[{"embeddable":true,"href":"https:\/\/pintureriasvya.com.ar\/index.php\/wp-json\/wp\/v2\/media\/296"}],"wp:attachment":[{"href":"https:\/\/pintureriasvya.com.ar\/index.php\/wp-json\/wp\/v2\/media?parent=219"}],"wp:term":[{"taxonomy":"product_brand","embeddable":true,"href":"https:\/\/pintureriasvya.com.ar\/index.php\/wp-json\/wp\/v2\/product_brand?post=219"},{"taxonomy":"product_cat","embeddable":true,"href":"https:\/\/pintureriasvya.com.ar\/index.php\/wp-json\/wp\/v2\/product_cat?post=219"},{"taxonomy":"product_tag","embeddable":true,"href":"https:\/\/pintureriasvya.com.ar\/index.php\/wp-json\/wp\/v2\/product_tag?post=219"}],"curies":[{"name":"wp","href":"https:\/\/api.w.org\/{rel}","templated":true}]}}